{"id":1177,"date":"2017-03-10T22:58:13","date_gmt":"2017-03-10T20:58:13","guid":{"rendered":"http:\/\/albulevente.ro\/?page_id=1177"},"modified":"2017-03-10T23:00:08","modified_gmt":"2017-03-10T21:00:08","slug":"kapcsolat","status":"publish","type":"page","link":"http:\/\/albulevente.ro\/index.php\/kapcsolat\/","title":{"rendered":"Kapcsolat"},"content":{"rendered":"<p>Amennyiben szeretn\u00e9l \u00edrni nekem, megteheted erre az email c\u00edmre: postafiok @ albulevente.ro<\/p>\n<div class=\"sharelinks\" style=\"\">\n\t<a title=\"Kapcsolat\" rel=\"nofollow\" target=\"_blank\" href=\"http:\/\/www.facebook.com\/sharer.php?u=http:\/\/albulevente.ro\/index.php\/kapcsolat\/\"><img width=\"56\" height=\"20\" alt=\"facebook\" src=\"http:\/\/albulevente.ro\/wp-content\/plugins\/facebook-google-twitter-share\/images\/facebook.png\"><\/a>\n\t<a title=\"Kapcsolat\" rel=\"nofollow\" target=\"_blank\" href=\"https:\/\/plus.google.com\/share?url=http:\/\/albulevente.ro\/index.php\/kapcsolat\/\"><img width=\"60\" height=\"20\" alt=\"google plus\" src=\"http:\/\/albulevente.ro\/wp-content\/plugins\/facebook-google-twitter-share\/images\/googleplus.png\"><\/a>\n\t<a title=\"Kapcsolat\" Nagar\" rel=\"nofollow\" target=\"_blank\" href=\"http:\/\/twitter.com\/home?status=Kapcsolat http:\/\/albulevente.ro\/index.php\/kapcsolat\/\"><img width=\"70\" height=\"20\" alt=\"twitter\" src=\"http:\/\/albulevente.ro\/wp-content\/plugins\/facebook-google-twitter-share\/images\/twitter.png\"><\/a>\n\t<\/div>","protected":false},"excerpt":{"rendered":"<p>Amennyiben szeretn\u00e9l \u00edrni nekem, megteheted erre az email c\u00edmre: postafiok @ albulevente.ro<\/p>\n","protected":false},"author":1,"featured_media":0,"parent":0,"menu_order":0,"comment_status":"closed","ping_status":"closed","template":"","meta":[],"_links":{"self":[{"href":"http:\/\/albulevente.ro\/index.php\/wp-json\/wp\/v2\/pages\/1177"}],"collection":[{"href":"http:\/\/albulevente.ro\/index.php\/wp-json\/wp\/v2\/pages"}],"about":[{"href":"http:\/\/albulevente.ro\/index.php\/wp-json\/wp\/v2\/types\/page"}],"author":[{"embeddable":true,"href":"http:\/\/albulevente.ro\/index.php\/wp-json\/wp\/v2\/users\/1"}],"replies":[{"embeddable":true,"href":"http:\/\/albulevente.ro\/index.php\/wp-json\/wp\/v2\/comments?post=1177"}],"version-history":[{"count":3,"href":"http:\/\/albulevente.ro\/index.php\/wp-json\/wp\/v2\/pages\/1177\/revisions"}],"predecessor-version":[{"id":1182,"href":"http:\/\/albulevente.ro\/index.php\/wp-json\/wp\/v2\/pages\/1177\/revisions\/1182"}],"wp:attachment":[{"href":"http:\/\/albulevente.ro\/index.php\/wp-json\/wp\/v2\/media?parent=1177"}],"curies":[{"name":"wp","href":"https:\/\/api.w.org\/{rel}","templated":true}]}}